466716?
2, 23, 505073
What are the prime factors of 448989951?
3, 61, 2453497
What are the prime factors of 241256087?
241256087
List the prime factors of 3588475650.
2, 3, 5, 179, 133649
What are the prime factors of 78661602?
2, 3, 4370089
List the prime factors of 3362161.
11, 53, 73, 79
What are the prime factors of 9721611394?
2, 11, 131, 3373217
List the prime factors of 501691296.
2, 3, 191, 27361
What are the prime factors of 37761143?
7, 131, 41179
List the prime factors of 39973152.
2, 3, 416387
List the prime factors of 1222164428.
2, 305541107
List the prime factors of 5345274039.
3, 7, 254536859
What are the prime factors of 551811378?
2, 3, 4373, 21031
What are the prime factors of 75146895?
3, 5, 1669931
List the prime factors of 3783903582.
2, 3, 409, 1541933
List the prime factors of 6024023.
673, 8951
List the prime factors of 95710249.
467, 204947
List the prime factors of 167095186.
2, 67, 89, 14011
What are the prime factors of 49040863?
49040863
What are the prime factors of 132430484?
2, 83, 398887
What are the prime factors of 21909673?
21909673
List the prime factors of 5262286.
2, 2631143
What are the prime factors of 7499087515?
5, 17, 88224559
List the prime factors of 671591232.
2, 3, 13, 89689
List the prime factors of 1003867565.
5, 19, 10567027
What are the prime factors of 5337895480?
2, 5, 6841, 19507
What are the prime factors of 288831786?
2, 3, 59, 769, 1061
List the prime factors of 1586851003.
41, 38703683
List the prime factors of 55854445.
5, 2503, 4463
List the prime factors of 784974066.
2, 3, 130829011
List the prime factors of 1525383682.
2, 37, 191, 107923
What are the prime factors of 43620845?
5, 8724169
What are the prime factors of 128733260?
2, 5, 6436663
What are the prime factors of 226298703?
3, 75432901
List the prime factors of 141116568.
2, 3, 5879857
List the prime factors of 367032343.
31, 181, 65413
What are the prime factors of 1105327515?
3, 5, 431, 170971
What are the prime factors of 1006058663?
23, 43741681
What are the prime factors of 9338141?
9338141
List the prime factors of 159383482.
2, 41, 907, 2143
List the prime factors of 341226396.
2, 3, 7, 19, 10181
What are the prime factors of 1294583910?
2, 3, 5, 43152797
What are the prime factors of 37600461?
3, 61, 68489
What are the prime factors of 104187384?
2, 3, 7, 103, 223
What are the prime factors of 17524883?
17524883
List the prime factors of 82369995.
3, 5, 547, 10039
List the prime factors of 675364779.
3, 75040531
What are the prime factors of 37416735?
3, 5, 92387
List the prime factors of 4142069522.
2, 181, 11442181
What are the prime factors of 42290133?
3, 1721, 8191
What are the prime factors of 116594760?
2, 3, 5, 401, 2423
List the prime factors of 940346072.
2, 67, 1754377
What are the prime factors of 295841891?
389, 760519
List the prime factors of 1122500699.
71, 227, 257, 271
List the prime factors of 729637556.
2, 23, 727, 10909
What are the prime factors of 82054668?
2, 3, 47, 145487
What are the prime factors of 94758354?
2, 3, 5264353
What are the prime factors of 307089247?
103, 2981449
What are the prime factors of 381602569?
109, 3500941
List the prime factors of 271482482.
2, 59, 337, 6827
What are the prime factors of 764604454?
2, 181, 379, 5573
What are the prime factors of 583370727?
3, 191, 883, 1153
List the prime factors of 178836986.
2, 89418493
List the prime factors of 296711232.
2, 3, 1545371
List the prime factors of 53439678.
2, 3, 2968871
What are the prime factors of 376849759?
11, 13, 2635313
List the prime factors of 119222367.
3, 11, 3612799
What are the prime factors of 719445266?
2, 359722633
What are the prime factors of 390022106?
2, 37, 211, 24979
What are the prime factors of 4029283478?
2, 11, 183149249
What are the prime factors of 759965952?
2, 3, 19, 52081
List the prime factors of 6408790.
2, 5, 97, 6607
List the prime factors of 145699620.
2, 3, 5, 11, 220757
List the prime factors of 5825648543.
11, 13, 47, 866783
What are the prime factors of 1280999483?
1280999483
List the prime factors of 2450083138.
2, 17027, 71947
What are the prime factors of 155428853?
241, 644933
List the prime factors of 300648807.
3, 53, 210097
List the prime factors of 1113297582.
2, 3, 185549597
List the prime factors of 3118189.
277, 11257
List the prime factors of 134897178.
2, 3, 13, 617, 2803
List the prime factors of 52533394.
2, 26266697
List the prime factors of 54635975.
5, 2185439
List the prime factors of 320638355.
5, 29, 1213, 1823
What are the prime factors of 1350567975?
3, 5, 17, 19, 197, 283
List the prime factors of 59682761.
127, 269, 1747
List the prime factors of 3333878.
2, 1666939
List the prime factors of 43945162.
2, 53, 414577
What are the prime factors of 34860759?
3, 11620253
What are the prime factors of 184866023?
37, 739, 6761
List the prime factors of 1676547.
3, 186283
What are the prime factors of 194021615?
5, 67, 103, 5623
What are the prime factors of 2728792447?
101, 27017747
List the prime factors of 884866753.
8297, 106649
List the prime factors of 48677968.
2, 463, 6571
What are the prime factors of 72680516?
2, 18170129
What are the prime factors of 37040471?
13, 307, 9281
List the prime factors of 595846659.
3, 73, 1087, 2503
What are the prime factors of 250058827?
373, 670399
What are the prime factors of 67187151?
3, 41, 20231
What are the prime factors of 1011422772?
2, 3, 109, 113, 2281
List the prime factors of 38036565.
3, 5, 7, 17, 7103
What are the prime factors of 567527707?
567527707
What are the prime factors of 71848498?
2, 73, 492113
What are the prime factors of 34693276?
2, 197, 44027
List the prime factors of 63272521.
13, 17, 286301
List the prime factors of 13734519.
3, 23, 31, 6421
What are the prime factors of 2750948740?
2, 5, 137547437
List the prime factors of 578060255.
5, 31, 67, 55663
List the prime factors of 31221411.
3, 13, 800549
What are the prime factors of 98202010?
2, 5, 9820201
List the prime factors of 1098727366.
2, 11, 47, 1062599
What are the prime factors of 6495395334?
2, 3, 1082565889
What are the prime factors of 1438591196?
2, 7, 7339751
List the prime factors of 3549369961.
859, 4131979
List the prime factors of 679433860.
2, 5, 7, 61, 79559
What are the prime factors of 6183447948?
2, 3, 171762443
List the prime factors of 356147089.
37, 79, 121843
What are the prime factors of 79217030?
2, 5, 7921703
List the prime factors of 4959245934.
2, 3, 53, 5198371
What are the prime factors of 825938282?
2, 13, 31766857
What are the prime factors of 47931436?
2, 7, 113, 15149
List the prime factors of 119685695.
5, 17, 1408067
What are the prime factors of 40505866?
2, 17, 29, 41081
What are the prime factors of 1172779350?
2, 3, 5, 2213, 3533
What are the prime factors of 203637623?
7, 29, 1003141
List the prime factors of 2851031060.
2, 5, 73, 457, 4273
List the prime factors of 878215220.
2, 5, 1181, 37181
What are the prime factors of 50655678?
2, 3, 1439, 5867
What are the prime factors of 120111683?
120111683
What are the prime factors of 2881868092?
2, 19, 37919317
What are the prime factors of 14795698?
2, 43, 4001
What are the prime factors of 22560352?
2, 705011
What are the prime factors of 64134934?
2, 32067467
What are the prime factors of 5056341?
3, 1685447
List the prime factors of 158773904.
2, 9923369
List the prime factors of 3655766183.
7561, 483503
List the prime factors of 199405396.
2, 47, 269, 3943
List the prime factors of 942326253.
3, 11, 1423, 6689
List the prime factors of 30210154.
2, 13, 1161929
List the prime factors of 1590368176.
2, 983, 101117
List the prime factors of 1935125080.
2, 5, 7, 83, 83267
What are the prime factors of 101915529?
3, 33971843
What are the prime factors of 253543785?
3, 5, 11, 53, 79, 367
List the prime factors of 9323955.
3, 5, 207199
What are the prime factors of 2689890174?
2, 3, 271, 397, 463
What are the prime factors of 103897008?
2, 3, 79, 9133
What are the prime factors of 408173741?
59, 113, 61223
List the prime factors of 739538680.
2, 5, 53, 348839
What are the prime factors of 610504193?
13, 271, 173291
List the prime factors of 2689744.
2, 168109
What are the prime factors of 44617388?
2, 1543, 7229
List the prime factors of 32160